{"id":977,"date":"2017-04-14T10:10:26","date_gmt":"2017-04-14T08:10:26","guid":{"rendered":"http:\/\/www.rechberger-bau.at\/?page_id=977"},"modified":"2018-08-29T11:08:33","modified_gmt":"2018-08-29T09:08:33","slug":"restposten-abverkauf","status":"publish","type":"page","link":"https:\/\/www.rechberger-bau.at\/?page_id=977","title":{"rendered":"Restposten \/ Abverkauf"},"content":{"rendered":"<section class=\"wpb-content-wrapper\"><p>[vc_row css=&#8220;.vc_custom_1535463027236{padding-right: 30px !important;padding-left: 30px !important;}&#8220;][vc_column][vc_column_text]<\/p>\n<h2>Abverkauf und Restposten<\/h2>\n<p>[\/vc_column_text][vc_masonry_grid post_type=&#8220;post&#8220; max_items=&#8220;50&#8243; style=&#8220;lazy&#8220; items_per_page=&#8220;50&#8243; show_filter=&#8220;yes&#8220; element_width=&#8220;3&#8243; grid_id=&#8220;vc_gid:1535533689802-d1e5bc61-087a-4&#8243; filter_source=&#8220;category&#8220; exclude_filter=&#8220;62&#8243; taxonomies=&#8220;1, 8&#8243; el_class=&#8220;abverkauf&#8220;][\/vc_column][\/vc_row]<\/p>\n<\/section>","protected":false},"excerpt":{"rendered":"<p>[vc_row css=&#8220;.vc_custom_1535463027236{padding-right: 30px !important;padding-left: 30px !important;}&#8220;][vc_column][vc_column_text] Abverkauf und Restposten [\/vc_column_text][vc_masonry_grid post_type=&#8220;post&#8220; max_items=&#8220;50&#8243; style=&#8220;lazy&#8220; items_per_page=&#8220;50&#8243; show_filter=&#8220;yes&#8220; element_width=&#8220;3&#8243; grid_id=&#8220;vc_gid:1535533689802-d1e5bc61-087a-4&#8243; filter_source=&#8220;category&#8220; exclude_filter=&#8220;62&#8243; taxonomies=&#8220;1, 8&#8243; el_class=&#8220;abverkauf&#8220;][\/vc_column][\/vc_row]<\/p>\n","protected":false},"author":1,"featured_media":0,"parent":0,"menu_order":0,"comment_status":"closed","ping_status":"closed","template":"tpl-visual_composer.php","meta":{"footnotes":""},"class_list":["post-977","page","type-page","status-publish","hentry"],"yoast_head":"<!-- This site is optimized with the Yoast SEO plugin v23.4 - https:\/\/yoast.com\/wordpress\/plugins\/seo\/ -->\n<title>Restposten \/ Abverkauf - Rechberger Bau Ges.m.b.H.<\/title>\n<meta name=\"robots\" content=\"index, follow, max-snippet:-1, max-image-preview:large, max-video-preview:-1\" \/>\n<link rel=\"canonical\" href=\"http:\/\/www.rechberger-bau.at\/?page_id=977\" \/>\n<meta property=\"og:locale\" content=\"de_DE\" \/>\n<meta property=\"og:type\" content=\"article\" \/>\n<meta property=\"og:title\" content=\"Restposten \/ Abverkauf - Rechberger Bau Ges.m.b.H.\" \/>\n<meta property=\"og:description\" content=\"[vc_row css=&#8220;.vc_custom_1535463027236{padding-right: 30px !important;padding-left: 30px !important;}&#8220;][vc_column][vc_column_text] Abverkauf und Restposten [\/vc_column_text][vc_masonry_grid post_type=&#8220;post&#8220; max_items=&#8220;50&#8243; style=&#8220;lazy&#8220; items_per_page=&#8220;50&#8243; show_filter=&#8220;yes&#8220; element_width=&#8220;3&#8243; grid_id=&#8220;vc_gid:1535533689802-d1e5bc61-087a-4&#8243; filter_source=&#8220;category&#8220; exclude_filter=&#8220;62&#8243; taxonomies=&#8220;1, 8&#8243; el_class=&#8220;abverkauf&#8220;][\/vc_column][\/vc_row]\" \/>\n<meta property=\"og:url\" content=\"http:\/\/www.rechberger-bau.at\/?page_id=977\" \/>\n<meta property=\"og:site_name\" content=\"Rechberger Bau Ges.m.b.H.\" \/>\n<meta property=\"article:modified_time\" content=\"2018-08-29T09:08:33+00:00\" \/>\n<meta name=\"twitter:card\" content=\"summary_large_image\" \/>\n<script type=\"application\/ld+json\" class=\"yoast-schema-graph\">{\"@context\":\"https:\/\/schema.org\",\"@graph\":[{\"@type\":\"WebPage\",\"@id\":\"http:\/\/www.rechberger-bau.at\/?page_id=977\",\"url\":\"http:\/\/www.rechberger-bau.at\/?page_id=977\",\"name\":\"Restposten \/ Abverkauf - Rechberger Bau Ges.m.b.H.\",\"isPartOf\":{\"@id\":\"https:\/\/www.rechberger-bau.at\/#website\"},\"datePublished\":\"2017-04-14T08:10:26+00:00\",\"dateModified\":\"2018-08-29T09:08:33+00:00\",\"breadcrumb\":{\"@id\":\"http:\/\/www.rechberger-bau.at\/?page_id=977#breadcrumb\"},\"inLanguage\":\"de\",\"potentialAction\":[{\"@type\":\"ReadAction\",\"target\":[\"http:\/\/www.rechberger-bau.at\/?page_id=977\"]}]},{\"@type\":\"BreadcrumbList\",\"@id\":\"http:\/\/www.rechberger-bau.at\/?page_id=977#breadcrumb\",\"itemListElement\":[{\"@type\":\"ListItem\",\"position\":1,\"name\":\"Startseite\",\"item\":\"https:\/\/www.rechberger-bau.at\/\"},{\"@type\":\"ListItem\",\"position\":2,\"name\":\"Restposten \/ Abverkauf\"}]},{\"@type\":\"WebSite\",\"@id\":\"https:\/\/www.rechberger-bau.at\/#website\",\"url\":\"https:\/\/www.rechberger-bau.at\/\",\"name\":\"Rechberger Bau Ges.m.b.H.\",\"description\":\"Rechberger Bau GmbH ist mit \u00fcber 30 Jahre Erfahrung ihr Spezialist f\u00fcr Fenster, T\u00fcren, Tore, Sonnenschutz und Fliesen\",\"potentialAction\":[{\"@type\":\"SearchAction\",\"target\":{\"@type\":\"EntryPoint\",\"urlTemplate\":\"https:\/\/www.rechberger-bau.at\/?s={search_term_string}\"},\"query-input\":{\"@type\":\"PropertyValueSpecification\",\"valueRequired\":true,\"valueName\":\"search_term_string\"}}],\"inLanguage\":\"de\"}]}<\/script>\n<!-- \/ Yoast SEO plugin. -->","yoast_head_json":{"title":"Restposten \/ Abverkauf - Rechberger Bau Ges.m.b.H.","robots":{"index":"index","follow":"follow","max-snippet":"max-snippet:-1","max-image-preview":"max-image-preview:large","max-video-preview":"max-video-preview:-1"},"canonical":"http:\/\/www.rechberger-bau.at\/?page_id=977","og_locale":"de_DE","og_type":"article","og_title":"Restposten \/ Abverkauf - Rechberger Bau Ges.m.b.H.","og_description":"[vc_row css=&#8220;.vc_custom_1535463027236{padding-right: 30px !important;padding-left: 30px !important;}&#8220;][vc_column][vc_column_text] Abverkauf und Restposten [\/vc_column_text][vc_masonry_grid post_type=&#8220;post&#8220; max_items=&#8220;50&#8243; style=&#8220;lazy&#8220; items_per_page=&#8220;50&#8243; show_filter=&#8220;yes&#8220; element_width=&#8220;3&#8243; grid_id=&#8220;vc_gid:1535533689802-d1e5bc61-087a-4&#8243; filter_source=&#8220;category&#8220; exclude_filter=&#8220;62&#8243; taxonomies=&#8220;1, 8&#8243; el_class=&#8220;abverkauf&#8220;][\/vc_column][\/vc_row]","og_url":"http:\/\/www.rechberger-bau.at\/?page_id=977","og_site_name":"Rechberger Bau Ges.m.b.H.","article_modified_time":"2018-08-29T09:08:33+00:00","twitter_card":"summary_large_image","schema":{"@context":"https:\/\/schema.org","@graph":[{"@type":"WebPage","@id":"http:\/\/www.rechberger-bau.at\/?page_id=977","url":"http:\/\/www.rechberger-bau.at\/?page_id=977","name":"Restposten \/ Abverkauf - Rechberger Bau Ges.m.b.H.","isPartOf":{"@id":"https:\/\/www.rechberger-bau.at\/#website"},"datePublished":"2017-04-14T08:10:26+00:00","dateModified":"2018-08-29T09:08:33+00:00","breadcrumb":{"@id":"http:\/\/www.rechberger-bau.at\/?page_id=977#breadcrumb"},"inLanguage":"de","potentialAction":[{"@type":"ReadAction","target":["http:\/\/www.rechberger-bau.at\/?page_id=977"]}]},{"@type":"BreadcrumbList","@id":"http:\/\/www.rechberger-bau.at\/?page_id=977#breadcrumb","itemListElement":[{"@type":"ListItem","position":1,"name":"Startseite","item":"https:\/\/www.rechberger-bau.at\/"},{"@type":"ListItem","position":2,"name":"Restposten \/ Abverkauf"}]},{"@type":"WebSite","@id":"https:\/\/www.rechberger-bau.at\/#website","url":"https:\/\/www.rechberger-bau.at\/","name":"Rechberger Bau Ges.m.b.H.","description":"Rechberger Bau GmbH ist mit \u00fcber 30 Jahre Erfahrung ihr Spezialist f\u00fcr Fenster, T\u00fcren, Tore, Sonnenschutz und Fliesen","potentialAction":[{"@type":"SearchAction","target":{"@type":"EntryPoint","urlTemplate":"https:\/\/www.rechberger-bau.at\/?s={search_term_string}"},"query-input":{"@type":"PropertyValueSpecification","valueRequired":true,"valueName":"search_term_string"}}],"inLanguage":"de"}]}},"_links":{"self":[{"href":"https:\/\/www.rechberger-bau.at\/index.php?rest_route=\/wp\/v2\/pages\/977"}],"collection":[{"href":"https:\/\/www.rechberger-bau.at\/index.php?rest_route=\/wp\/v2\/pages"}],"about":[{"href":"https:\/\/www.rechberger-bau.at\/index.php?rest_route=\/wp\/v2\/types\/page"}],"author":[{"embeddable":true,"href":"https:\/\/www.rechberger-bau.at\/index.php?rest_route=\/wp\/v2\/users\/1"}],"replies":[{"embeddable":true,"href":"https:\/\/www.rechberger-bau.at\/index.php?rest_route=%2Fwp%2Fv2%2Fcomments&post=977"}],"version-history":[{"count":19,"href":"https:\/\/www.rechberger-bau.at\/index.php?rest_route=\/wp\/v2\/pages\/977\/revisions"}],"predecessor-version":[{"id":1327,"href":"https:\/\/www.rechberger-bau.at\/index.php?rest_route=\/wp\/v2\/pages\/977\/revisions\/1327"}],"wp:attachment":[{"href":"https:\/\/www.rechberger-bau.at\/index.php?rest_route=%2Fwp%2Fv2%2Fmedia&parent=977"}],"curies":[{"name":"wp","href":"https:\/\/api.w.org\/{rel}","templated":true}]}}